er when 69 is divided by (0 + -1)/(2/b).
9
Let g = 56 + 97. Calculate the remainder when g is divided by 54.
45
Suppose 11*m + 388 = 1631. What is the remainder when m is divided by 51?
11
Suppose 25*g - 828 = -11*g. Let v(z) = 11*z + 3. Let i be v(-2). Let k = i - -27. What is the remainder when g is divided by k?
7
Let m be (-1)/(1/3 + 25/(-66)). What is the remainder when 81 is divided by m - (-1 + 3) - -1?
18
Let v(h) = 4*h**2 - 16*h + 39. Let z(o) = 21*o**2 - 81*o + 196. Let j(q) = 11*v(q) - 2*z(q). What is the remainder when 71 is divided by j(7)?
34
Suppose 4*f - 4 = 2*k, 4*f = 20*k - 19*k + 8. Suppose 0*q = 2*q - 50. Calculate the remainder when q is divided by f.
1
Suppose 0 = 2*y + 3*y - 85. Suppose -y*c + 255 = -2*c. Calculate the remainder when 47 is divided by c.
13
Suppose 3*j - 53 = 49. Let h = 37 - j. Calculate the remainder when h is divided by 2.
1
Let i = 3 - -2. Let d(h) = 9*h**2 - 9*h + 3*h + i*h + h**3. What is the remainder when 16 is divided by d(-9)?
7
Let t(g) = -2*g + 28. Let m be t(5). Suppose 73*r - m = 70*r. Calculate the remainder when 8 is divided by r.
2
Suppose -5*k - 43 = 182. Calculate the remainder when 5 is divided by (-14)/(-18) + (-10)/k.
0
Calculate the remainder when 210 is divided by (-7 + 12)/(20/172 - 0).
38
Suppose -8*l + 972 = l. Calculate the remainder when l is divided by 32.
12
Let k(x) = -x**3 - x**2 - x + 78. Let p be k(0). Let a be 3/(-7) + p/(-14). Calculate the remainder when ((-21)/(-2))/(a/(-12)) is divided by 12.
9
Let g(n) = 3*n**2 - 3*n - 40. What is the remainder when g(12) is divided by 20?
16
Suppose 2 = 2*l - 34. Let f = 6 + -2. Let q = l + f. What is the remainder when 41 is divided by q?
19
Let j(d) = -6*d - 159. Calculate the remainder when j(-34) is divided by 20.
5
Let t(u) = -u - 4. Let y be 111/(-15) - 10/(-25). Let l be t(y). Suppose 2*o + 2*o + 61 = 5*m, -m - l*o = 3. What is the remainder when 15 is divided by m?
6
Let l be 18/99 - 136/22. What is the remainder when (-16)/l*5925/100 is divided by 27?
23
Suppose 8*g + 223 = 703. Let t = 1 - -2. Suppose -w = -4*r + 150 - 2, t*w - g = -2*r. What is the remainder when r is divided by 13?
10
Let u = 289 - 284. Suppose -a - g + 9 = 0, -g - 4*g = -a - 3. What is the remainder when a is divided by u?
2
Suppose 135 = 9*g - 234. Suppose 2*f - 29 = 3*k + 2*k, 3*f - 5*k = g. What is the remainder when 33 is divided by f?
9
Let g be (-77)/(-15) + (-4)/30. Suppose -t + 2*f + g = -3*f, -5*t - 3*f = -25. Suppose -4*q = -3 - t. Calculate the remainder when 12 is divided by q.
0
Let v(r) = -r**2 - 16*r + 222. What is the remainder when 607 is divided by v(-23)?
58
Suppose 17*z - 18*z = -89. What is the remainder when z is divided by 35?
19
Suppose -4*b = -3*b. Suppose -4*m = 3*z - b*z + 59, 60 = -4*m - 4*z. Calculate the remainder when (-10 + 7)*m/6 is divided by 5.
2
Let u be 0 - (4 + (-6 - 0)). Suppose -27 = -2*q + h, 4*h + 0*h = -u*q + 2. What is the remainder when 19 is divided by q?
8
Let y be 1/(-4) - (-90)/40. Suppose -97 = w - y*w. Suppose -17 = -2*p + j + 23, 0 = 5*p - j - w. What is the remainder when p is divided by 7?
5
Let v(a) = a**2 - 13*a + 15. Let s be v(8). Let x = -9 - s. Calculate the remainder when 46 is divided by x.
14
Suppose 0 = 2*c - 3*c + 2. Suppose -2*q + c*l = -32, -5*l + 0*l + 30 = 5*q. Calculate the remainder when q is divided by 3.
2
What is the remainder when 145 is divided by 1/(205/740 + (-3)/12)?
34
Let r = -7 + 12. Suppose -37 - 128 = -r*g. Suppose -4*z = 4*j - 36, 0*z = 3*j + z - 27. What is the remainder when g is divided by j?
6
Let q(m) = m**2 + 7*m - 13. Let y(v) = 35*v**3 - 2*v + 1. Let u be y(1). Suppose u = -3*p + 4. What is the remainder when 31 is divided by q(p)?
14
Suppose -4*w - 4*u = -76, -7*w + 4*u = -3*w - 100. What is the remainder when 284 is divided by w?
20
Suppose -n = 7*n - 16. Suppose 0 = -5*b + 3*j + 218, -87 = -n*b - j + 2*j. Calculate the remainder when b is divided by 464/20 - (-2)/(-10).
20
Let h = -900 + 910. Suppose 4*i = -q - 61 + 245, -2*i = -3*q - 106. What is the remainder when i is divided by h?
7
Let i(f) = 20*f - 8. Let h be i(-5). Let x = -7 + h. Let n = -64 - x. What is the remainder when n is divided by 18?
15
Let r(f) = 2*f**2 + 6*f + 0*f**2 - 15 + 7. Suppose -4*w = -3*d + 61 - 20, -3*w = d - 5. Calculate the remainder when r(-6) is divided by d.
6
Suppose 4*t - 2*t + 2*g - 122 = 0, 3*t = 5*g + 191. What is the remainder when 113 is divided by t?
51
Let o(i) = -i**3 + 4*i**2 - 5*i + 6. Let b be o(3). Let u(g) = g**3 + 2*g**2 - g + 34. What is the remainder when u(b) is divided by 10?
4
Suppose -69 + 949 = 20*f. What is the remainder when 101 is divided by f?
13
Suppose -3*h + 2*j + 44 = 0, -2*h - 2*h = -j - 52. Calculate the remainder when 124 is divided by h.
4
Let z = 89 + -49. Let l(i) = -i**3 + 11*i**2 + 4*i - 22. Calculate the remainder when z is divided by l(11).
18
Let r(j) = 4*j - 42. Let v be -3*(32/(-12) - 3). Calculate the remainder when r(v) is divided by 11.
4
Let m be ((-36)/(-45))/((-8)/(-20)). Suppose j = m*j - 37. Calculate the remainder when 70 is divided by j.
33
Let m = 24 - 14. Suppose 2*s + 40 = m*s. What is the remainder when 8 is divided by s?
3
Let l = 1288 - 1075. What is the remainder when l is divided by 48?
21
Let c be 18/24 + (-31)/4. Let d = -2 - c. Suppose 0 = -k - u - 16 + 118, -d*u + 94 = k. Calculate the remainder when k is divided by 35.
34
Suppose -t - n + 53 = t, 48 = 2*t + 2*n. Suppose 4*d - 15 = -3*b + d, 0 = 5*b - d - 1. What is the remainder when t is divided by ((b - 1) + -24)/(3/(-2))?
13
Suppose 4*l = 86 + 198. Calculate the remainder when l is divided by 22.
5
What is the remainder when 7/((-63)/6) - (-964)/6 is divided by 62?
36
Suppose -21 + 1 = -4*l. Suppose -2*f + 28 = 4*c, 1 = -4*f - l*c + 42. Suppose -2*a - 5*m = -f*a + 21, a - 21 = -m. What is the remainder when a is divided by 7?
4
Let v be 41 + -5 + 2 + 0. Suppose -2*b + v = -68. What is the remainder when b is divided by 28?
25
Let q be (1 + -4)*(-8)/(-12). Let l be 4 + 0/(q + 1). Suppose l*g + 37 - 159 = 2*r, -3*g - 3*r + 69 = 0. Calculate the remainder when g is divided by 10.
8
Let x = 216 - 196. Suppose -15 = -3*y, 5*g - y - 595 = -5*y. Suppose -2*w + 0*r + g = -r, 4*r + 175 = 3*w. Calculate the remainder when w is divided by x.
17
Suppose 1928 = x + i, x + 10*i - 1926 = 11*i. Calculate the remainder when x is divided by 10.
7
Let x(o) = -3*o**2 - 58*o - 21. What is the remainder when 110 is divided by x(-18)?
8
Let k = -660 - -689. What is the remainder when 76 is divided by k?
18
Calculate the remainder when 2/(-6) - ((-15110)/15 - 0) is divided by 10.
7
Suppose 0 = -o + 9*o. Suppose 10 = 2*s, 4*c + 3*s = -o*c + 227. Calculate the remainder when c is divided by 18.
17
Let y(k) = -k**3 + 9*k**2 + 15*k - 3. Let z be y(10). Let o = 102 - z. What is the remainder when o is divided by 15?
10
Let j = 5 + -2. Let m = j + -1. Let r = 71 + m. What is the remainder when r is divided by 19?
16
Suppose -20*g + 15*g = p - 17, 2*p = -g + 16. Calculate the remainder when 3/(-4)*-4 - -7 is divided by p.
3
Let y = -287 + 457. What is the remainder when y is divided by 19?
18
Let u(a) = -a**3 + 5*a**2 + 3*a. Let m = -45 - -104. Calculate the remainder when m is divided by u(5).
14
Let f = -31 + 43. Let b(n) = 2*n - 16. What is the remainder when -12*10/8*-2 is divided by b(f)?
6
Suppose -69*f + 22*f = -141. Let l = 6 + -10. Let g = l + 18. Calculate the remainder when g is divided by f.
2
Suppose 0 = 6*w - 3 + 39. Let j(u) = -u**3 + 3*u**2 - u. Calculate the remainder when (3/3)/(w/(-42)) is divided by j(2).
1
Suppose 0 = 19*y - 17*y - 782. Calculate the remainder when y is divided by 56.
55
Suppose -f - 2*o = -8, 5*f - 4*o + 21 = 5. Suppose 3*n + w = 8 - 0, f = 5*n + 4*w - 4. What is the remainder when 7 is divided by n?
3
Suppose -29*x + 1468 - 76 = 0. What is the remainder when x is divided by 10?
8
Let y(t) = t**2 + 2*t + 4. Let d be y(3). Suppose s + d = 2*s - 4*g, 2*s - g = 45. Suppose 6*p - 25 = 11. What is the remainder when s is divided by p?
5
Let k = -53 + 142. Let b(h) = h**3 - 16*h**2 - 12*h - 39. Calculate the remainder when k is divided by b(17).
43
Suppose -4*d = 1 - 9. Let x(w) = -2*w**3 + 0*w**3 - 2*w - 6*w + 3*w**3 + 4 + 7*w**d. What is the rema